{"id":743,"date":"2020-07-31T19:45:46","date_gmt":"2020-07-31T19:45:46","guid":{"rendered":"http:\/\/bosboom59.synology.me\/wordpress\/?page_id=743"},"modified":"2024-12-21T12:24:28","modified_gmt":"2024-12-21T12:24:28","slug":"kleider","status":"publish","type":"page","link":"https:\/\/passaparola-moda.com\/home\/kleider\/","title":{"rendered":"Kleider"},"content":{"rendered":"<p>&nbsp;<\/p>\n<p><strong><span style=\"font-size: 24pt;\">Kleider<\/span><\/strong><br \/>\nWir w\u00e4hlen f\u00fcr Sie ausschliesslich Kleider und Modelle von exklusiven Marken, welche ihr Versprechen halten. Hochwertige Stoffe erwarten Sie, ebenso wie verschiedene Passformen, von praktisch \u00fcber elegant, von weiblich, weich, bequem, pfiffig bis sportlich und funktional. F\u00fcr Ihren pers\u00f6nlichen Modestil haben wir das Auge und stellen ganz spontan raffinierte, individuelle Looks zusammen.<\/p>\n<p><em><u>Das macht es aus:<\/u><\/em> Wir legen gr\u00f6ssten Wert auf die Qualit\u00e4t der Stoffe und setzen daher auf nat\u00fcrliche Materialien wie Seide, Viskose, Leinen, Mohair, Cashmere, Wolle oder Baumwolle.<\/p>\n<style type=\"text\/css\" scoped>.rbs_gallery_69e738cfdaab1Spinner{\r\n\t\t\t\tmargin: 50px auto;\r\n\t\t\t\twidth: 50px;\r\n\t\t\t\theight: 40px;\r\n\t\t\t\ttext-align: center;\r\n\t\t\t\tfont-size: 10px;\r\n\t\t\t}\r\n\t\t\t.rbs_gallery_69e738cfdaab1Spinner > div{\r\n\t\t\t  background-color: #333;\r\n\t\t\t  height: 100%;\r\n\t\t\t  width: 6px;\r\n\t\t\t  display: inline-block;\r\n\t\t\t  -webkit-animation: rbs_gallery_69e738cfdaab1-stretchdelay 1.2s infinite ease-in-out;\r\n\t\t\t  animation: rbs_gallery_69e738cfdaab1-stretchdelay 1.2s infinite ease-in-out;\r\n\t\t\t}\r\n\t\t\t.rbs_gallery_69e738cfdaab1Spinner .rbs_gallery_69e738cfdaab1Rect2 {\r\n\t\t\t  -webkit-animation-delay: -1.1s;\r\n\t\t\t  animation-delay: -1.1s;\r\n\t\t\t}\r\n\t\t\t.rbs_gallery_69e738cfdaab1Spinner .rbs_gallery_69e738cfdaab1Rect3 {\r\n\t\t\t  -webkit-animation-delay: -1.0s;\r\n\t\t\t  animation-delay: -1.0s;\r\n\t\t\t}\r\n\t\t\t.rbs_gallery_69e738cfdaab1Spinner .rbs_gallery_69e738cfdaab1Rect4 {\r\n\t\t\t  -webkit-animation-delay: -0.9s;\r\n\t\t\t  animation-delay: -0.9s;\r\n\t\t\t}\r\n\t\t\t.rbs_gallery_69e738cfdaab1Spinner .rbs_gallery_69e738cfdaab1Rect5 {\r\n\t\t\t  -webkit-animation-delay: -0.8s;\r\n\t\t\t  animation-delay: -0.8s;\r\n\t\t\t}\r\n\t\t\t@-webkit-keyframes rbs_gallery_69e738cfdaab1-stretchdelay {\r\n\t\t\t  0%, 40%, 100% { -webkit-transform: scaleY(0.4) }  \r\n\t\t\t  20% { -webkit-transform: scaleY(1.0) }\r\n\t\t\t}\r\n\t\t\t@keyframes rbs_gallery_69e738cfdaab1-stretchdelay {\r\n\t\t\t  0%, 40%, 100% { \r\n\t\t\t    transform: scaleY(0.4);\r\n\t\t\t    -webkit-transform: scaleY(0.4);\r\n\t\t\t  }  20% { \r\n\t\t\t    transform: scaleY(1.0);\r\n\t\t\t    -webkit-transform: scaleY(1.0);\r\n\t\t\t  }\r\n\t\t\t}\r\n\t\t<\/style><div class=\"robo-gallery-wrap robo-gallery-wrap-id3289 robo-gallery-gridpro-5\" ><div id=\"rbs_gallery_69e738cfdaab1-block-loader\" class=\"rbs_gallery_69e738cfdaab1Spinner\"><div class=\"rbs_gallery_69e738cfdaab1Rect1\"><\/div> <div class=\"rbs_gallery_69e738cfdaab1Rect2\"><\/div> <div class=\"rbs_gallery_69e738cfdaab1Rect3\"><\/div> <div class=\"rbs_gallery_69e738cfdaab1Rect4\"><\/div> <div class=\"rbs_gallery_69e738cfdaab1Rect5\"><\/div><\/div><div id=\"robo_gallery_main_block_rbs_gallery_69e738cfdaab1\" class=\"robogallery-gallery-3289\" style=\"width:100%;margin:0 auto;  display: none;\"><div id=\"rbs_gallery_69e738cfdaab1\" data-options=\"rbs_gallery_69e738cfdaab1\" style=\"width:100%;\" class=\"robo_gallery  \"><div class=\"rbs-img  category3289 \" ><div class=\"rbs-img-image   rbs-lightbox \" ><div class=\"rbs-img-thumbs\"  data-thumbnail=\"https:\/\/passaparola-moda.com\/wp-content\/uploads\/2025\/08\/Neue_Kollektion_2025_Herbst_22-744x1024.jpg\"  title=\"Neue_Kollektion_2025_Herbst_22\"  data-width=\"744\"  data-height=\"1024\" ><\/div><div class=\"rbs-img-data-popup\"  data-popup=\"https:\/\/passaparola-moda.com\/wp-content\/uploads\/2025\/08\/Neue_Kollektion_2025_Herbst_22.jpg\"  title=\"Neue_Kollektion_2025_Herbst_22\" ><\/div><\/div><\/div><div class=\"rbs-img  category3289 \" ><div class=\"rbs-img-image   rbs-lightbox \" ><div class=\"rbs-img-thumbs\"  data-thumbnail=\"https:\/\/passaparola-moda.com\/wp-content\/uploads\/2025\/08\/Neue_Kollektion_2025_Herbst_37-346x1024.jpg\"  title=\"Neue_Kollektion_2025_Herbst_37\"  data-width=\"346\"  data-height=\"1024\" ><\/div><div class=\"rbs-img-data-popup\"  data-popup=\"https:\/\/passaparola-moda.com\/wp-content\/uploads\/2025\/08\/Neue_Kollektion_2025_Herbst_37.jpg\"  title=\"Neue_Kollektion_2025_Herbst_37\" ><\/div><\/div><\/div><div class=\"rbs-img  category3289 \" ><div class=\"rbs-img-image   rbs-lightbox \" ><div class=\"rbs-img-thumbs\"  data-thumbnail=\"https:\/\/passaparola-moda.com\/wp-content\/uploads\/2025\/08\/Neue_Kollektion_2025_Herbst_02-1024x683.jpg\"  title=\"Neue_Kollektion_2025_Herbst_02\"  data-width=\"843\"  data-height=\"562\" ><\/div><div class=\"rbs-img-data-popup\"  data-popup=\"https:\/\/passaparola-moda.com\/wp-content\/uploads\/2025\/08\/Neue_Kollektion_2025_Herbst_02.jpg\"  title=\"Neue_Kollektion_2025_Herbst_02\" ><\/div><\/div><\/div><div class=\"rbs-img  category3289 \" ><div class=\"rbs-img-image   rbs-lightbox \" ><div class=\"rbs-img-thumbs\"  data-thumbnail=\"https:\/\/passaparola-moda.com\/wp-content\/uploads\/2025\/08\/Neue_Kollektion_2025_Herbst_06-683x1024.jpg\"  title=\"Neue_Kollektion_2025_Herbst_06\"  data-width=\"683\"  data-height=\"1024\" ><\/div><div class=\"rbs-img-data-popup\"  data-popup=\"https:\/\/passaparola-moda.com\/wp-content\/uploads\/2025\/08\/Neue_Kollektion_2025_Herbst_06.jpg\"  title=\"Neue_Kollektion_2025_Herbst_06\" ><\/div><\/div><\/div><div class=\"rbs-img  category3289 \" ><div class=\"rbs-img-image   rbs-lightbox \" ><div class=\"rbs-img-thumbs\"  data-thumbnail=\"https:\/\/passaparola-moda.com\/wp-content\/uploads\/2025\/08\/Neue_Kollektion_2025_Herbst_41-1024x683.jpg\"  title=\"Neue_Kollektion_2025_Herbst_41\"  data-width=\"843\"  data-height=\"562\" ><\/div><div class=\"rbs-img-data-popup\"  data-popup=\"https:\/\/passaparola-moda.com\/wp-content\/uploads\/2025\/08\/Neue_Kollektion_2025_Herbst_41.jpg\"  title=\"Neue_Kollektion_2025_Herbst_41\" ><\/div><\/div><\/div><div class=\"rbs-img  category3289 \" ><div class=\"rbs-img-image   rbs-lightbox \" ><div class=\"rbs-img-thumbs\"  data-thumbnail=\"https:\/\/passaparola-moda.com\/wp-content\/uploads\/2025\/08\/Neue_Kollektion_2025_Herbst_07-683x1024.jpg\"  title=\"Neue_Kollektion_2025_Herbst_07\"  data-width=\"683\"  data-height=\"1024\" ><\/div><div class=\"rbs-img-data-popup\"  data-popup=\"https:\/\/passaparola-moda.com\/wp-content\/uploads\/2025\/08\/Neue_Kollektion_2025_Herbst_07.jpg\"  title=\"Neue_Kollektion_2025_Herbst_07\" ><\/div><\/div><\/div><div class=\"rbs-img  category3289 \" ><div class=\"rbs-img-image   rbs-lightbox \" ><div class=\"rbs-img-thumbs\"  data-thumbnail=\"https:\/\/passaparola-moda.com\/wp-content\/uploads\/2025\/08\/Neue_Kollektion_2025_Herbst_03-1024x683.jpg\"  title=\"Neue_Kollektion_2025_Herbst_03\"  data-width=\"843\"  data-height=\"562\" ><\/div><div class=\"rbs-img-data-popup\"  data-popup=\"https:\/\/passaparola-moda.com\/wp-content\/uploads\/2025\/08\/Neue_Kollektion_2025_Herbst_03.jpg\"  title=\"Neue_Kollektion_2025_Herbst_03\" ><\/div><\/div><\/div><div class=\"rbs-img  category3289 \" ><div class=\"rbs-img-image   rbs-lightbox \" ><div class=\"rbs-img-thumbs\"  data-thumbnail=\"https:\/\/passaparola-moda.com\/wp-content\/uploads\/2025\/08\/Neue_Kollektion_2025_Herbst_30-683x1024.jpg\"  title=\"Neue_Kollektion_2025_Herbst_30\"  data-width=\"683\"  data-height=\"1024\" ><\/div><div class=\"rbs-img-data-popup\"  data-popup=\"https:\/\/passaparola-moda.com\/wp-content\/uploads\/2025\/08\/Neue_Kollektion_2025_Herbst_30.jpg\"  title=\"Neue_Kollektion_2025_Herbst_30\" ><\/div><\/div><\/div><div class=\"rbs-img  category3289 \" ><div class=\"rbs-img-image   rbs-lightbox \" ><div class=\"rbs-img-thumbs\"  data-thumbnail=\"https:\/\/passaparola-moda.com\/wp-content\/uploads\/2025\/08\/Neue_Kollektion_2025_Herbst_27-1024x683.jpg\"  title=\"Neue_Kollektion_2025_Herbst_27\"  data-width=\"843\"  data-height=\"562\" ><\/div><div class=\"rbs-img-data-popup\"  data-popup=\"https:\/\/passaparola-moda.com\/wp-content\/uploads\/2025\/08\/Neue_Kollektion_2025_Herbst_27.jpg\"  title=\"Neue_Kollektion_2025_Herbst_27\" ><\/div><\/div><\/div><div class=\"rbs-img  category3289 \" ><div class=\"rbs-img-image   rbs-lightbox \" ><div class=\"rbs-img-thumbs\"  data-thumbnail=\"https:\/\/passaparola-moda.com\/wp-content\/uploads\/2025\/08\/Neue_Kollektion_2025_Herbst_05-789x1024.jpg\"  title=\"Neue_Kollektion_2025_Herbst_05\"  data-width=\"789\"  data-height=\"1024\" ><\/div><div class=\"rbs-img-data-popup\"  data-popup=\"https:\/\/passaparola-moda.com\/wp-content\/uploads\/2025\/08\/Neue_Kollektion_2025_Herbst_05.jpg\"  title=\"Neue_Kollektion_2025_Herbst_05\" ><\/div><\/div><\/div><div class=\"rbs-img  category3289 \" ><div class=\"rbs-img-image   rbs-lightbox \" ><div class=\"rbs-img-thumbs\"  data-thumbnail=\"https:\/\/passaparola-moda.com\/wp-content\/uploads\/2025\/08\/Neue_Kollektion_2025_Herbst_33-535x1024.jpg\"  title=\"Neue_Kollektion_2025_Herbst_33\"  data-width=\"535\"  data-height=\"1024\" ><\/div><div class=\"rbs-img-data-popup\"  data-popup=\"https:\/\/passaparola-moda.com\/wp-content\/uploads\/2025\/08\/Neue_Kollektion_2025_Herbst_33.jpg\"  title=\"Neue_Kollektion_2025_Herbst_33\" ><\/div><\/div><\/div><div class=\"rbs-img  category3289 \" ><div class=\"rbs-img-image   rbs-lightbox \" ><div class=\"rbs-img-thumbs\"  data-thumbnail=\"https:\/\/passaparola-moda.com\/wp-content\/uploads\/2025\/08\/Neue_Kollektion_2025_Herbst_36-346x1024.jpg\"  title=\"Neue_Kollektion_2025_Herbst_36\"  data-width=\"346\"  data-height=\"1024\" ><\/div><div class=\"rbs-img-data-popup\"  data-popup=\"https:\/\/passaparola-moda.com\/wp-content\/uploads\/2025\/08\/Neue_Kollektion_2025_Herbst_36.jpg\"  title=\"Neue_Kollektion_2025_Herbst_36\" ><\/div><\/div><\/div><div class=\"rbs-img  category3289 \" ><div class=\"rbs-img-image   rbs-lightbox \" ><div class=\"rbs-img-thumbs\"  data-thumbnail=\"https:\/\/passaparola-moda.com\/wp-content\/uploads\/2025\/08\/Neue_Kollektion_2025_Herbst_01-1024x683.jpg\"  title=\"Neue_Kollektion_2025_Herbst_01\"  data-width=\"843\"  data-height=\"562\" ><\/div><div class=\"rbs-img-data-popup\"  data-popup=\"https:\/\/passaparola-moda.com\/wp-content\/uploads\/2025\/08\/Neue_Kollektion_2025_Herbst_01.jpg\"  title=\"Neue_Kollektion_2025_Herbst_01\" ><\/div><\/div><\/div><div class=\"rbs-img  category3289 \" ><div class=\"rbs-img-image   rbs-lightbox \" ><div class=\"rbs-img-thumbs\"  data-thumbnail=\"https:\/\/passaparola-moda.com\/wp-content\/uploads\/2025\/08\/Neue_Kollektion_2025_Herbst_31-1024x959.jpg\"  title=\"Neue_Kollektion_2025_Herbst_31\"  data-width=\"843\"  data-height=\"789\" ><\/div><div class=\"rbs-img-data-popup\"  data-popup=\"https:\/\/passaparola-moda.com\/wp-content\/uploads\/2025\/08\/Neue_Kollektion_2025_Herbst_31.jpg\"  title=\"Neue_Kollektion_2025_Herbst_31\" ><\/div><\/div><\/div><div class=\"rbs-img  category3289 \" ><div class=\"rbs-img-image   rbs-lightbox \" ><div class=\"rbs-img-thumbs\"  data-thumbnail=\"https:\/\/passaparola-moda.com\/wp-content\/uploads\/2025\/08\/Neue_Kollektion_2025_Herbst_11-1024x683.jpg\"  title=\"Neue_Kollektion_2025_Herbst_11\"  data-width=\"843\"  data-height=\"562\" ><\/div><div class=\"rbs-img-data-popup\"  data-popup=\"https:\/\/passaparola-moda.com\/wp-content\/uploads\/2025\/08\/Neue_Kollektion_2025_Herbst_11.jpg\"  title=\"Neue_Kollektion_2025_Herbst_11\" ><\/div><\/div><\/div><div class=\"rbs-img  category3289 \" ><div class=\"rbs-img-image   rbs-lightbox \" ><div class=\"rbs-img-thumbs\"  data-thumbnail=\"https:\/\/passaparola-moda.com\/wp-content\/uploads\/2025\/08\/Neue_Kollektion_2025_Herbst_10-1024x765.jpg\"  title=\"Neue_Kollektion_2025_Herbst_10\"  data-width=\"843\"  data-height=\"630\" ><\/div><div class=\"rbs-img-data-popup\"  data-popup=\"https:\/\/passaparola-moda.com\/wp-content\/uploads\/2025\/08\/Neue_Kollektion_2025_Herbst_10.jpg\"  title=\"Neue_Kollektion_2025_Herbst_10\" ><\/div><\/div><\/div><div class=\"rbs-img  category3289 \" ><div class=\"rbs-img-image   rbs-lightbox \" ><div class=\"rbs-img-thumbs\"  data-thumbnail=\"https:\/\/passaparola-moda.com\/wp-content\/uploads\/2025\/08\/Neue_Kollektion_2025_Herbst_26-1024x683.jpg\"  title=\"Neue_Kollektion_2025_Herbst_26\"  data-width=\"843\"  data-height=\"562\" ><\/div><div class=\"rbs-img-data-popup\"  data-popup=\"https:\/\/passaparola-moda.com\/wp-content\/uploads\/2025\/08\/Neue_Kollektion_2025_Herbst_26.jpg\"  title=\"Neue_Kollektion_2025_Herbst_26\" ><\/div><\/div><\/div><div class=\"rbs-img  category3289 \" ><div class=\"rbs-img-image   rbs-lightbox \" ><div class=\"rbs-img-thumbs\"  data-thumbnail=\"https:\/\/passaparola-moda.com\/wp-content\/uploads\/2025\/08\/Neue_Kollektion_2025_Herbst_09-683x1024.jpg\"  title=\"Neue_Kollektion_2025_Herbst_09\"  data-width=\"683\"  data-height=\"1024\" ><\/div><div class=\"rbs-img-data-popup\"  data-popup=\"https:\/\/passaparola-moda.com\/wp-content\/uploads\/2025\/08\/Neue_Kollektion_2025_Herbst_09.jpg\"  title=\"Neue_Kollektion_2025_Herbst_09\" ><\/div><\/div><\/div><div class=\"rbs-img  category3289 \" ><div class=\"rbs-img-image   rbs-lightbox \" ><div class=\"rbs-img-thumbs\"  data-thumbnail=\"https:\/\/passaparola-moda.com\/wp-content\/uploads\/2025\/08\/Neue_Kollektion_2025_Herbst_35-354x1024.jpg\"  title=\"Neue_Kollektion_2025_Herbst_35\"  data-width=\"354\"  data-height=\"1024\" ><\/div><div class=\"rbs-img-data-popup\"  data-popup=\"https:\/\/passaparola-moda.com\/wp-content\/uploads\/2025\/08\/Neue_Kollektion_2025_Herbst_35.jpg\"  title=\"Neue_Kollektion_2025_Herbst_35\" ><\/div><\/div><\/div><div class=\"rbs-img  category3289 \" ><div class=\"rbs-img-image   rbs-lightbox \" ><div class=\"rbs-img-thumbs\"  data-thumbnail=\"https:\/\/passaparola-moda.com\/wp-content\/uploads\/2025\/08\/Neue_Kollektion_2025_Herbst_29-1024x683.jpg\"  title=\"Neue_Kollektion_2025_Herbst_29\"  data-width=\"843\"  data-height=\"562\" ><\/div><div class=\"rbs-img-data-popup\"  data-popup=\"https:\/\/passaparola-moda.com\/wp-content\/uploads\/2025\/08\/Neue_Kollektion_2025_Herbst_29.jpg\"  title=\"Neue_Kollektion_2025_Herbst_29\" ><\/div><\/div><\/div><div class=\"rbs-img  category3289 \" ><div class=\"rbs-img-image   rbs-lightbox \" ><div class=\"rbs-img-thumbs\"  data-thumbnail=\"https:\/\/passaparola-moda.com\/wp-content\/uploads\/2025\/08\/Neue_Kollektion_2025_Herbst_04-683x1024.jpg\"  title=\"Neue_Kollektion_2025_Herbst_04\"  data-width=\"683\"  data-height=\"1024\" ><\/div><div class=\"rbs-img-data-popup\"  data-popup=\"https:\/\/passaparola-moda.com\/wp-content\/uploads\/2025\/08\/Neue_Kollektion_2025_Herbst_04.jpg\"  title=\"Neue_Kollektion_2025_Herbst_04\" ><\/div><\/div><\/div><div class=\"rbs-img  category3289 \" ><div class=\"rbs-img-image   rbs-lightbox \" ><div class=\"rbs-img-thumbs\"  data-thumbnail=\"https:\/\/passaparola-moda.com\/wp-content\/uploads\/2025\/08\/Neue_Kollektion_2025_Herbst_19-683x1024.jpg\"  title=\"Neue_Kollektion_2025_Herbst_19\"  data-width=\"683\"  data-height=\"1024\" ><\/div><div class=\"rbs-img-data-popup\"  data-popup=\"https:\/\/passaparola-moda.com\/wp-content\/uploads\/2025\/08\/Neue_Kollektion_2025_Herbst_19.jpg\"  title=\"Neue_Kollektion_2025_Herbst_19\" ><\/div><\/div><\/div><div class=\"rbs-img  category3289 \" ><div class=\"rbs-img-image   rbs-lightbox \" ><div class=\"rbs-img-thumbs\"  data-thumbnail=\"https:\/\/passaparola-moda.com\/wp-content\/uploads\/2025\/08\/Neue_Kollektion_2025_Herbst_12-1024x683.jpg\"  title=\"Neue_Kollektion_2025_Herbst_12\"  data-width=\"843\"  data-height=\"562\" ><\/div><div class=\"rbs-img-data-popup\"  data-popup=\"https:\/\/passaparola-moda.com\/wp-content\/uploads\/2025\/08\/Neue_Kollektion_2025_Herbst_12.jpg\"  title=\"Neue_Kollektion_2025_Herbst_12\" ><\/div><\/div><\/div><div class=\"rbs-img  category3289 \" ><div class=\"rbs-img-image   rbs-lightbox \" ><div class=\"rbs-img-thumbs\"  data-thumbnail=\"https:\/\/passaparola-moda.com\/wp-content\/uploads\/2025\/08\/Neue_Kollektion_2025_Herbst_32-683x1024.jpg\"  title=\"Neue_Kollektion_2025_Herbst_32\"  data-width=\"683\"  data-height=\"1024\" ><\/div><div class=\"rbs-img-data-popup\"  data-popup=\"https:\/\/passaparola-moda.com\/wp-content\/uploads\/2025\/08\/Neue_Kollektion_2025_Herbst_32.jpg\"  title=\"Neue_Kollektion_2025_Herbst_32\" ><\/div><\/div><\/div><div class=\"rbs-img  category3289 \" ><div class=\"rbs-img-image   rbs-lightbox \" ><div class=\"rbs-img-thumbs\"  data-thumbnail=\"https:\/\/passaparola-moda.com\/wp-content\/uploads\/2025\/08\/Neue_Kollektion_2025_Herbst_21-1024x683.jpg\"  title=\"Neue_Kollektion_2025_Herbst_21\"  data-width=\"843\"  data-height=\"562\" ><\/div><div class=\"rbs-img-data-popup\"  data-popup=\"https:\/\/passaparola-moda.com\/wp-content\/uploads\/2025\/08\/Neue_Kollektion_2025_Herbst_21.jpg\"  title=\"Neue_Kollektion_2025_Herbst_21\" ><\/div><\/div><\/div><div class=\"rbs-img  category3289 \" ><div class=\"rbs-img-image   rbs-lightbox \" ><div class=\"rbs-img-thumbs\"  data-thumbnail=\"https:\/\/passaparola-moda.com\/wp-content\/uploads\/2025\/08\/Neue_Kollektion_2025_Herbst_08-1024x683.jpg\"  title=\"Neue_Kollektion_2025_Herbst_08\"  data-width=\"843\"  data-height=\"562\" ><\/div><div class=\"rbs-img-data-popup\"  data-popup=\"https:\/\/passaparola-moda.com\/wp-content\/uploads\/2025\/08\/Neue_Kollektion_2025_Herbst_08.jpg\"  title=\"Neue_Kollektion_2025_Herbst_08\" ><\/div><\/div><\/div><div class=\"rbs-img  category3289 \" ><div class=\"rbs-img-image   rbs-lightbox \" ><div class=\"rbs-img-thumbs\"  data-thumbnail=\"https:\/\/passaparola-moda.com\/wp-content\/uploads\/2025\/08\/Neue_Kollektion_2025_Herbst_38-1024x683.jpg\"  title=\"Neue_Kollektion_2025_Herbst_38\"  data-width=\"843\"  data-height=\"562\" ><\/div><div class=\"rbs-img-data-popup\"  data-popup=\"https:\/\/passaparola-moda.com\/wp-content\/uploads\/2025\/08\/Neue_Kollektion_2025_Herbst_38.jpg\"  title=\"Neue_Kollektion_2025_Herbst_38\" ><\/div><\/div><\/div><div class=\"rbs-img  category3289 \" ><div class=\"rbs-img-image   rbs-lightbox \" ><div class=\"rbs-img-thumbs\"  data-thumbnail=\"https:\/\/passaparola-moda.com\/wp-content\/uploads\/2025\/08\/Neue_Kollektion_2025_Herbst_34-446x1024.jpg\"  title=\"Neue_Kollektion_2025_Herbst_34\"  data-width=\"446\"  data-height=\"1024\" ><\/div><div class=\"rbs-img-data-popup\"  data-popup=\"https:\/\/passaparola-moda.com\/wp-content\/uploads\/2025\/08\/Neue_Kollektion_2025_Herbst_34.jpg\"  title=\"Neue_Kollektion_2025_Herbst_34\" ><\/div><\/div><\/div><\/div><\/div><\/div><script>var rbs_gallery_69e738cfdaab1 = {\"version\":\"5.1.4\",\"id\":3289,\"class\":\"id3289\",\"roboGalleryDelay\":1000,\"mainContainer\":\"#robo_gallery_main_block_rbs_gallery_69e738cfdaab1\",\"loadingContainer\":\"#rbs_gallery_69e738cfdaab1-block-loader\",\"loadingContainerObj\":\"rbs_gallery_69e738cfdaab1-block-loader\",\"columnWidth\":\"auto\",\"columns\":5,\"resolutions\":[{\"columnWidth\":\"auto\",\"columns\":3,\"maxWidth\":960},{\"columnWidth\":\"auto\",\"columns\":2,\"maxWidth\":650},{\"columnWidth\":\"auto\",\"columns\":1,\"maxWidth\":450}],\"hideTitle\":true,\"lightboxOptions\":{\"gallery\":{\"enabled\":true,\"tCounter\":\"%curr% of %total%\"}},\"overlayEffect\":\"direction-aware-fade\",\"boxesToLoadStart\":50,\"boxesToLoad\":50,\"LoadingWord\":\"Loading...\",\"loadMoreWord\":\"Load More\",\"noMoreEntriesWord\":\"No More Entries\",\"horizontalSpaceBetweenBoxes\":10,\"verticalSpaceBetweenBoxes\":10,\"lazyLoad\":1,\"wrapContainer\":\"#robo-gallery-wrap-rbs_gallery_69e738cfdaab1\"};<\/script>\n","protected":false},"excerpt":{"rendered":"<p>&nbsp; Kleider Wir w\u00e4hlen f\u00fcr Sie ausschliesslich Kleider und Modelle von exklusiven Marken, welche ihr Versprechen halten. Hochwertige Stoffe erwarten Sie, ebenso wie verschiedene Passformen,&hellip;<\/p>\n","protected":false},"author":1,"featured_media":0,"parent":0,"menu_order":0,"comment_status":"closed","ping_status":"closed","template":"","meta":{"footnotes":""},"class_list":["post-743","page","type-page","status-publish","hentry"],"_links":{"self":[{"href":"https:\/\/passaparola-moda.com\/home\/wp-json\/wp\/v2\/pages\/743","targetHints":{"allow":["GET"]}}],"collection":[{"href":"https:\/\/passaparola-moda.com\/home\/wp-json\/wp\/v2\/pages"}],"about":[{"href":"https:\/\/passaparola-moda.com\/home\/wp-json\/wp\/v2\/types\/page"}],"author":[{"embeddable":true,"href":"https:\/\/passaparola-moda.com\/home\/wp-json\/wp\/v2\/users\/1"}],"replies":[{"embeddable":true,"href":"https:\/\/passaparola-moda.com\/home\/wp-json\/wp\/v2\/comments?post=743"}],"version-history":[{"count":7,"href":"https:\/\/passaparola-moda.com\/home\/wp-json\/wp\/v2\/pages\/743\/revisions"}],"predecessor-version":[{"id":3298,"href":"https:\/\/passaparola-moda.com\/home\/wp-json\/wp\/v2\/pages\/743\/revisions\/3298"}],"wp:attachment":[{"href":"https:\/\/passaparola-moda.com\/home\/wp-json\/wp\/v2\/media?parent=743"}],"curies":[{"name":"wp","href":"https:\/\/api.w.org\/{rel}","templated":true}]}}